{"id":893,"date":"2019-04-10T14:03:33","date_gmt":"2019-04-10T12:03:33","guid":{"rendered":"https:\/\/larena-wuppertal.de\/?post_type=tribe_events&#038;p=893"},"modified":"2022-10-06T18:37:12","modified_gmt":"2022-10-06T16:37:12","slug":"duo-emotion-klavierkonzert-fuer-vier-haende","status":"publish","type":"tribe_events","link":"https:\/\/larena-wuppertal.de\/?tribe_events=duo-emotion-klavierkonzert-fuer-vier-haende","title":{"rendered":"Duo Emotion: Klavierkonzert f\u00fcr vier H\u00e4nde &#8211; live in der lar\u00e9na Eventlounge"},"content":{"rendered":"<p>&nbsp;<\/p>\n<p>Das Piano-<em>Duo Emotion: Lea-Yoanna Adam\u00a0 und Denis Ivanov pr\u00e4sentiert ein Klavierkonzert f\u00fcr vier H\u00e4nde.<\/em><\/p>\n<p>Programm:<br \/>\n1.Teil<br \/>\nCarl Maria von Weber Aufforderung zum Tanz<br \/>\nAram Khachaturian Walzer aus \u00abMaskerade\u00bb<br \/>\nS\u00e4beltanz aus dem Ballett \u00abGayaneh\u00bb<br \/>\nFazil Say Wintermorgen in Istanbul<br \/>\nEdward Grieg Norwegischer Tanz Nr.2 A-Dur<br \/>\nAnitras Tanz aus der Suite \u00abPeer Gynt\u00bb<br \/>\nAntonin Dvorak Zwei slawische T\u00e4nze e-moll und C-Dur<br \/>\nValery Gavrilin Marsch und Tarantella<br \/>\n\u2014\u2014\u2014 PAUSE\u2014\u2014\u2014<br \/>\n2. Teil<br \/>\nMaurice Ravel Bolero<br \/>\nEmmanuel Chabrier \u00abEspa\u00f1a\u00bb Suite de valsas<br \/>\nManuel de Falla Spanischer tanz Nr. 1 aus der Oper \u00abLa vida breve\u00bb<br \/>\nGeorges Bizet &#8211; Vyacheslav Gryaznov Habanera for two<br \/>\nAstor Piazzolla Caf\u00e9 1930<br \/>\nLibertango<\/p>\n<p>Wir freuen uns auf einen fantastischen Konzertabend.<\/p>\n<p>Eintritt frei. Um Ausgangsspende wird gebeten.<\/p>\n<p><a href=\"https:\/\/larena-wuppertal.de\/?page_id=339\"><strong>Zur Online-Reservierung<\/strong><\/a><\/p>\n<p>&nbsp;<\/p>\n","protected":false},"excerpt":{"rendered":"<p>&nbsp; Das Piano-Duo Emotion: Lea-Yoanna Adam\u00a0 und Denis Ivanov pr\u00e4sentiert ein Klavierkonzert f\u00fcr vier H\u00e4nde. Programm: 1.Teil Carl Maria von Weber Aufforderung zum Tanz Aram Khachaturian Walzer aus \u00abMaskerade\u00bb S\u00e4beltanz&hellip; <a class=\"more-link\" href=\"https:\/\/larena-wuppertal.de\/?tribe_events=duo-emotion-klavierkonzert-fuer-vier-haende\"><span class=\"screen-reader-text\">Duo Emotion: Klavierkonzert f\u00fcr vier H\u00e4nde &#8211; live in der lar\u00e9na Eventlounge<\/span> weiterlesen<\/a><\/p>\n","protected":false},"author":1,"featured_media":1314,"comment_status":"open","ping_status":"closed","template":"","meta":{"_price":"","_stock":"","_tribe_ticket_header":"","_tribe_default_ticket_provider":"","_tribe_ticket_capacity":"0","_ticket_start_date":"","_ticket_end_date":"","_tribe_ticket_show_description":"","_tribe_ticket_show_not_going":false,"_tribe_ticket_use_global_stock":"","_tribe_ticket_global_stock_level":"","_global_stock_mode":"","_global_stock_cap":"","_tribe_rsvp_for_event":"","_tribe_ticket_going_count":"","_tribe_ticket_not_going_count":"","_tribe_tickets_list":[],"_tribe_ticket_has_attendee_info_fields":false,"_tribe_events_status":"","_tribe_events_status_reason":"","footnotes":"","_links_to":"","_links_to_target":""},"tags":[],"tribe_events_cat":[],"class_list":["post-893","tribe_events","type-tribe_events","status-publish","has-post-thumbnail","hentry","entry"],"ticketed":false,"_links":{"self":[{"href":"https:\/\/larena-wuppertal.de\/index.php?rest_route=\/wp\/v2\/tribe_events\/893"}],"collection":[{"href":"https:\/\/larena-wuppertal.de\/index.php?rest_route=\/wp\/v2\/tribe_events"}],"about":[{"href":"https:\/\/larena-wuppertal.de\/index.php?rest_route=\/wp\/v2\/types\/tribe_events"}],"author":[{"embeddable":true,"href":"https:\/\/larena-wuppertal.de\/index.php?rest_route=\/wp\/v2\/users\/1"}],"replies":[{"embeddable":true,"href":"https:\/\/larena-wuppertal.de\/index.php?rest_route=%2Fwp%2Fv2%2Fcomments&post=893"}],"version-history":[{"count":14,"href":"https:\/\/larena-wuppertal.de\/index.php?rest_route=\/wp\/v2\/tribe_events\/893\/revisions"}],"predecessor-version":[{"id":1316,"href":"https:\/\/larena-wuppertal.de\/index.php?rest_route=\/wp\/v2\/tribe_events\/893\/revisions\/1316"}],"wp:featuredmedia":[{"embeddable":true,"href":"https:\/\/larena-wuppertal.de\/index.php?rest_route=\/wp\/v2\/media\/1314"}],"wp:attachment":[{"href":"https:\/\/larena-wuppertal.de\/index.php?rest_route=%2Fwp%2Fv2%2Fmedia&parent=893"}],"wp:term":[{"taxonomy":"post_tag","embeddable":true,"href":"https:\/\/larena-wuppertal.de\/index.php?rest_route=%2Fwp%2Fv2%2Ftags&post=893"},{"taxonomy":"tribe_events_cat","embeddable":true,"href":"https:\/\/larena-wuppertal.de\/index.php?rest_route=%2Fwp%2Fv2%2Ftribe_events_cat&post=893"}],"curies":[{"name":"wp","href":"https:\/\/api.w.org\/{rel}","templated":true}]}}

Duo Emotion: Klavierkonzert für vier Hände &#8211; live in der laréna Eventlounge

<p>&nbsp;</p>
<p>Das Piano-<em>Duo Emotion: Lea-Yoanna Adam  und Denis Ivanov präsentiert ein Klavierkonzert für vier Hände.</em></p>
<p>Programm:<br />
1.Teil<br />
Carl Maria von Weber Aufforderung zum Tanz<br />
Aram Khachaturian Walzer aus «Maskerade»<br />
Säbeltanz aus dem Ballett «Gayaneh»<br />
Fazil Say Wintermorgen in Istanbul<br />
Edward Grieg Norwegischer Tanz Nr.2 A-Dur<br />
Anitras Tanz aus der Suite «Peer Gynt»<br />
Antonin Dvorak Zwei slawische Tänze e-moll und C-Dur<br />
Valery Gavrilin Marsch und Tarantella<br />
——— PAUSE———<br />
2. Teil<br />
Maurice Ravel Bolero<br />
Emmanuel Chabrier «España» Suite de valsas<br />
Manuel de Falla Spanischer tanz Nr. 1 aus der Oper «La vida breve»<br />
Georges Bizet &#8211; Vyacheslav Gryaznov Habanera for two<br />
Astor Piazzolla Café 1930<br />
Libertango</p>
<p>Wir freuen uns auf einen fantastischen Konzertabend.</p>
<p>Eintritt frei. Um Ausgangsspende wird gebeten.</p>
<p><a href="https://larena-wuppertal.de/?page_id=339"><strong>Zur Online-Reservierung</strong></a></p>
<p>&nbsp;</p>

<p>&nbsp; Das Piano-Duo Emotion: Lea-Yoanna Adam  und Denis Ivanov präsentiert ein Klavierkonzert für vier Hände. Programm: 1.Teil Carl Maria von Weber Aufforderung zum Tanz Aram Khachaturian Walzer aus «Maskerade» Säbeltanz&hellip; <a class="more-link" href="https://larena-wuppertal.de/?tribe_events=duo-emotion-klavierkonzert-fuer-vier-haende"><span class="screen-reader-text">Duo Emotion: Klavierkonzert für vier Hände &#8211; live in der laréna Eventlounge</span> weiterlesen</a></p>
