{"id":746,"date":"2018-11-26T14:38:11","date_gmt":"2018-11-26T13:38:11","guid":{"rendered":"https:\/\/larena-wuppertal.de\/?post_type=tribe_events&#038;p=746"},"modified":"2023-04-15T13:17:16","modified_gmt":"2023-04-15T11:17:16","slug":"seatown-live-in-der-larena-eventlounge","status":"publish","type":"tribe_events","link":"https:\/\/larena-wuppertal.de\/?tribe_events=seatown-live-in-der-larena-eventlounge","title":{"rendered":"SEATOWN SEVEN &#8211; live in der lar\u00e9na Eventlounge"},"content":{"rendered":"<p>Die SEATOWN SEVEN wurde 1962 von Adrian von Saucken gegr\u00fcndet. Zu einem Zeitpunkt als diese Musik noch ein Geheimtipp in musikhistorischen Zirkeln war. Die Band gilt heute bei lnsidern, Publikum, Festival-Veranstaltern und Redakteuren als prominent. Durch ausgepr\u00e4gte Professionalit\u00e4t in Klang und Improvisation ist die SEATOWN SEVEN l\u00e4ngst \u00fcber den Stand einer Amateurkapelle hinausgewachsen.<br \/>\nEine Band, die ihre Musik an stilbildenden Musikern des \u201egolden Jazz-Age\u201d orientiert, die ihre Einfl\u00fcsse also aus ersten Hand bezieht, die schon zu Zeiten der \u201eTrad\u201d-Welle fr\u00fcherer Jahre ihre Vorbilder in den Orchestern von Louis Amstrong, Jelly Roll Morton, Clarence Williams und Fletcher Henderson usw. hatte.<br \/>\nIn das Repertoire wurden \u00fcber die Jahre viele selten gespielte Titel aufgenommen und such im Studio verarbeitet und es erschienen bereits 1971 die beiden ersten Langspielplatten. Weitere Einspielungen erfolgten in der Zeit von 1975-1988, es folgten auch Live-Mitschnitte von Rundfunksendungen, dem Dresdner Dixieland Festival und 1998 eine Zusammenfassung in der CD \u201e35 Jahre Seatown Seven\u201d und dies alles in fast unver\u00e4nderter Besetzung.<\/p>\n<p>&nbsp;<\/p>\n<p>&nbsp;<\/p>\n<p>Eintritt frei. Eine Ausgangsspende f\u00fcr die K\u00fcnstler wird erbeten.<\/p>\n<p><a href=\"https:\/\/larena-wuppertal.de\/?page_id=339\"><strong>Zur Online-Reservierung<\/strong><\/a><\/p>\n<p>&nbsp;<\/p>\n","protected":false},"excerpt":{"rendered":"<p>Die SEATOWN SEVEN wurde 1962 von Adrian von Saucken gegr\u00fcndet. Zu einem Zeitpunkt als diese Musik noch ein Geheimtipp in musikhistorischen Zirkeln war. Die Band gilt heute bei lnsidern, Publikum,&hellip; <a class=\"more-link\" href=\"https:\/\/larena-wuppertal.de\/?tribe_events=seatown-live-in-der-larena-eventlounge\"><span class=\"screen-reader-text\">SEATOWN SEVEN &#8211; live in der lar\u00e9na Eventlounge<\/span> weiterlesen<\/a><\/p>\n","protected":false},"author":1,"featured_media":747,"comment_status":"closed","ping_status":"closed","template":"","meta":{"_price":"","_stock":"","_tribe_ticket_header":"","_tribe_default_ticket_provider":"","_tribe_ticket_capacity":"0","_ticket_start_date":"","_ticket_end_date":"","_tribe_ticket_show_description":"","_tribe_ticket_show_not_going":false,"_tribe_ticket_use_global_stock":"","_tribe_ticket_global_stock_level":"","_global_stock_mode":"","_global_stock_cap":"","_tribe_rsvp_for_event":"","_tribe_ticket_going_count":"","_tribe_ticket_not_going_count":"","_tribe_tickets_list":[],"_tribe_ticket_has_attendee_info_fields":false,"_tribe_events_status":"","_tribe_events_status_reason":"","footnotes":"","_links_to":"","_links_to_target":""},"tags":[],"tribe_events_cat":[],"class_list":["post-746","tribe_events","type-tribe_events","status-publish","has-post-thumbnail","hentry","entry"],"ticketed":false,"_links":{"self":[{"href":"https:\/\/larena-wuppertal.de\/index.php?rest_route=\/wp\/v2\/tribe_events\/746"}],"collection":[{"href":"https:\/\/larena-wuppertal.de\/index.php?rest_route=\/wp\/v2\/tribe_events"}],"about":[{"href":"https:\/\/larena-wuppertal.de\/index.php?rest_route=\/wp\/v2\/types\/tribe_events"}],"author":[{"embeddable":true,"href":"https:\/\/larena-wuppertal.de\/index.php?rest_route=\/wp\/v2\/users\/1"}],"replies":[{"embeddable":true,"href":"https:\/\/larena-wuppertal.de\/index.php?rest_route=%2Fwp%2Fv2%2Fcomments&post=746"}],"version-history":[{"count":8,"href":"https:\/\/larena-wuppertal.de\/index.php?rest_route=\/wp\/v2\/tribe_events\/746\/revisions"}],"predecessor-version":[{"id":1411,"href":"https:\/\/larena-wuppertal.de\/index.php?rest_route=\/wp\/v2\/tribe_events\/746\/revisions\/1411"}],"wp:featuredmedia":[{"embeddable":true,"href":"https:\/\/larena-wuppertal.de\/index.php?rest_route=\/wp\/v2\/media\/747"}],"wp:attachment":[{"href":"https:\/\/larena-wuppertal.de\/index.php?rest_route=%2Fwp%2Fv2%2Fmedia&parent=746"}],"wp:term":[{"taxonomy":"post_tag","embeddable":true,"href":"https:\/\/larena-wuppertal.de\/index.php?rest_route=%2Fwp%2Fv2%2Ftags&post=746"},{"taxonomy":"tribe_events_cat","embeddable":true,"href":"https:\/\/larena-wuppertal.de\/index.php?rest_route=%2Fwp%2Fv2%2Ftribe_events_cat&post=746"}],"curies":[{"name":"wp","href":"https:\/\/api.w.org\/{rel}","templated":true}]}}

SEATOWN SEVEN &#8211; live in der laréna Eventlounge

<p>Die SEATOWN SEVEN wurde 1962 von Adrian von Saucken gegründet. Zu einem Zeitpunkt als diese Musik noch ein Geheimtipp in musikhistorischen Zirkeln war. Die Band gilt heute bei lnsidern, Publikum, Festival-Veranstaltern und Redakteuren als prominent. Durch ausgeprägte Professionalität in Klang und Improvisation ist die SEATOWN SEVEN längst über den Stand einer Amateurkapelle hinausgewachsen.<br />
Eine Band, die ihre Musik an stilbildenden Musikern des „golden Jazz-Age” orientiert, die ihre Einflüsse also aus ersten Hand bezieht, die schon zu Zeiten der „Trad”-Welle früherer Jahre ihre Vorbilder in den Orchestern von Louis Amstrong, Jelly Roll Morton, Clarence Williams und Fletcher Henderson usw. hatte.<br />
In das Repertoire wurden über die Jahre viele selten gespielte Titel aufgenommen und such im Studio verarbeitet und es erschienen bereits 1971 die beiden ersten Langspielplatten. Weitere Einspielungen erfolgten in der Zeit von 1975-1988, es folgten auch Live-Mitschnitte von Rundfunksendungen, dem Dresdner Dixieland Festival und 1998 eine Zusammenfassung in der CD „35 Jahre Seatown Seven” und dies alles in fast unveränderter Besetzung.</p>
<p>&nbsp;</p>
<p>&nbsp;</p>
<p>Eintritt frei. Eine Ausgangsspende für die Künstler wird erbeten.</p>
<p><a href="https://larena-wuppertal.de/?page_id=339"><strong>Zur Online-Reservierung</strong></a></p>
<p>&nbsp;</p>

<p>Die SEATOWN SEVEN wurde 1962 von Adrian von Saucken gegründet. Zu einem Zeitpunkt als diese Musik noch ein Geheimtipp in musikhistorischen Zirkeln war. Die Band gilt heute bei lnsidern, Publikum,&hellip; <a class="more-link" href="https://larena-wuppertal.de/?tribe_events=seatown-live-in-der-larena-eventlounge"><span class="screen-reader-text">SEATOWN SEVEN &#8211; live in der laréna Eventlounge</span> weiterlesen</a></p>
