{"id":599,"date":"2018-05-13T18:27:04","date_gmt":"2018-05-13T16:27:04","guid":{"rendered":"https:\/\/larena-wuppertal.de\/?post_type=tribe_events&#038;p=599"},"modified":"2023-04-15T13:12:44","modified_gmt":"2023-04-15T11:12:44","slug":"opera-kompakt-in-der-larena-eventlounge","status":"publish","type":"tribe_events","link":"https:\/\/larena-wuppertal.de\/?tribe_events=opera-kompakt-in-der-larena-eventlounge","title":{"rendered":"Opera Kompakt &#8211; Ein Opern-Crashkurs f\u00fcr Paare und Singles!"},"content":{"rendered":"<p>Mit Mauricio Virgens (Bariton), Diana Petrova Darnea (Sopran) und Denis Ivanov (Klavier).<\/p>\n<p>Opera Kompakt &#8211; Ein Opern-Crashkurs f\u00fcr Paare und Singles! In unserer turbulenten Zeit hat nicht jeder die M\u00f6glichkeit, eine dreist\u00fcndige Opern Vorstellung zu besuchen. Das neue Format &#8220;Opera Kompakt&#8221; bietet Ihnen die Chance, eine Essenz der besten Momente in einer Stunde zu erleben und dies auf unterhaltsame Weise. Sie besuchen eine Art Opern-Kabarett. Diesmal stehen Fragmente aus den Buffo-Opern &#8220;Barbiere di Seviglia&#8221;, &#8220;Don Pasquale&#8221; und &#8220;Orpheus in der Unterwelt&#8221; von Rossini, Donizetti und Offenbach auf dem Programm.<\/p>\n<p>Eintritt frei. Eine Ausgangsspende f\u00fcr die K\u00fcnstler wird erbeten.<\/p>\n<p><a href=\"https:\/\/larena-wuppertal.de\/?page_id=339\"><strong>Zur Online-Reservierung<\/strong><\/a><\/p>\n","protected":false},"excerpt":{"rendered":"<p>Mit Mauricio Virgens (Bariton), Diana Petrova Darnea (Sopran) und Denis Ivanov (Klavier). Opera Kompakt &#8211; Ein Opern-Crashkurs f\u00fcr Paare und Singles! In unserer turbulenten Zeit hat nicht jeder die M\u00f6glichkeit,&hellip; <a class=\"more-link\" href=\"https:\/\/larena-wuppertal.de\/?tribe_events=opera-kompakt-in-der-larena-eventlounge\"><span class=\"screen-reader-text\">Opera Kompakt &#8211; Ein Opern-Crashkurs f\u00fcr Paare und Singles!<\/span> weiterlesen<\/a><\/p>\n","protected":false},"author":1,"featured_media":1408,"comment_status":"closed","ping_status":"closed","template":"","meta":{"_price":"","_stock":"","_tribe_ticket_header":"","_tribe_default_ticket_provider":"","_tribe_ticket_capacity":"0","_ticket_start_date":"","_ticket_end_date":"","_tribe_ticket_show_description":"","_tribe_ticket_show_not_going":false,"_tribe_ticket_use_global_stock":"","_tribe_ticket_global_stock_level":"","_global_stock_mode":"","_global_stock_cap":"","_tribe_rsvp_for_event":"","_tribe_ticket_going_count":"","_tribe_ticket_not_going_count":"","_tribe_tickets_list":[],"_tribe_ticket_has_attendee_info_fields":false,"_tribe_events_status":"","_tribe_events_status_reason":"","footnotes":"","_links_to":"","_links_to_target":""},"tags":[],"tribe_events_cat":[],"class_list":["post-599","tribe_events","type-tribe_events","status-publish","has-post-thumbnail","hentry","entry"],"ticketed":false,"_links":{"self":[{"href":"https:\/\/larena-wuppertal.de\/index.php?rest_route=\/wp\/v2\/tribe_events\/599"}],"collection":[{"href":"https:\/\/larena-wuppertal.de\/index.php?rest_route=\/wp\/v2\/tribe_events"}],"about":[{"href":"https:\/\/larena-wuppertal.de\/index.php?rest_route=\/wp\/v2\/types\/tribe_events"}],"author":[{"embeddable":true,"href":"https:\/\/larena-wuppertal.de\/index.php?rest_route=\/wp\/v2\/users\/1"}],"replies":[{"embeddable":true,"href":"https:\/\/larena-wuppertal.de\/index.php?rest_route=%2Fwp%2Fv2%2Fcomments&post=599"}],"version-history":[{"count":24,"href":"https:\/\/larena-wuppertal.de\/index.php?rest_route=\/wp\/v2\/tribe_events\/599\/revisions"}],"predecessor-version":[{"id":1410,"href":"https:\/\/larena-wuppertal.de\/index.php?rest_route=\/wp\/v2\/tribe_events\/599\/revisions\/1410"}],"wp:featuredmedia":[{"embeddable":true,"href":"https:\/\/larena-wuppertal.de\/index.php?rest_route=\/wp\/v2\/media\/1408"}],"wp:attachment":[{"href":"https:\/\/larena-wuppertal.de\/index.php?rest_route=%2Fwp%2Fv2%2Fmedia&parent=599"}],"wp:term":[{"taxonomy":"post_tag","embeddable":true,"href":"https:\/\/larena-wuppertal.de\/index.php?rest_route=%2Fwp%2Fv2%2Ftags&post=599"},{"taxonomy":"tribe_events_cat","embeddable":true,"href":"https:\/\/larena-wuppertal.de\/index.php?rest_route=%2Fwp%2Fv2%2Ftribe_events_cat&post=599"}],"curies":[{"name":"wp","href":"https:\/\/api.w.org\/{rel}","templated":true}]}}

Opera Kompakt &#8211; Ein Opern-Crashkurs für Paare und Singles!

<p>Mit Mauricio Virgens (Bariton), Diana Petrova Darnea (Sopran) und Denis Ivanov (Klavier).</p>
<p>Opera Kompakt &#8211; Ein Opern-Crashkurs für Paare und Singles! In unserer turbulenten Zeit hat nicht jeder die Möglichkeit, eine dreistündige Opern Vorstellung zu besuchen. Das neue Format &#8220;Opera Kompakt&#8221; bietet Ihnen die Chance, eine Essenz der besten Momente in einer Stunde zu erleben und dies auf unterhaltsame Weise. Sie besuchen eine Art Opern-Kabarett. Diesmal stehen Fragmente aus den Buffo-Opern &#8220;Barbiere di Seviglia&#8221;, &#8220;Don Pasquale&#8221; und &#8220;Orpheus in der Unterwelt&#8221; von Rossini, Donizetti und Offenbach auf dem Programm.</p>
<p>Eintritt frei. Eine Ausgangsspende für die Künstler wird erbeten.</p>
<p><a href="https://larena-wuppertal.de/?page_id=339"><strong>Zur Online-Reservierung</strong></a></p>

<p>Mit Mauricio Virgens (Bariton), Diana Petrova Darnea (Sopran) und Denis Ivanov (Klavier). Opera Kompakt &#8211; Ein Opern-Crashkurs für Paare und Singles! In unserer turbulenten Zeit hat nicht jeder die Möglichkeit,&hellip; <a class="more-link" href="https://larena-wuppertal.de/?tribe_events=opera-kompakt-in-der-larena-eventlounge"><span class="screen-reader-text">Opera Kompakt &#8211; Ein Opern-Crashkurs für Paare und Singles!</span> weiterlesen</a></p>
