{"id":1583,"date":"2026-03-12T13:29:37","date_gmt":"2026-03-12T12:29:37","guid":{"rendered":"https:\/\/larena-wuppertal.de\/?post_type=tribe_events&#038;p=1583"},"modified":"2026-03-12T13:29:37","modified_gmt":"2026-03-12T12:29:37","slug":"nacht-und-traeume-live-in-der-larena-eventlounge","status":"publish","type":"tribe_events","link":"https:\/\/larena-wuppertal.de\/?tribe_events=nacht-und-traeume-live-in-der-larena-eventlounge","title":{"rendered":"Nacht und Tr\u00e4ume \u2013 live in der lar\u00e9na Eventlounge"},"content":{"rendered":"<p data-start=\"0\" data-end=\"34\"><strong data-start=\"0\" data-end=\"34\">Nacht und Tr\u00e4ume \u2013 Liederabend<\/strong><\/p>\n<p data-start=\"36\" data-end=\"394\">Am <strong data-start=\"39\" data-end=\"70\">12. April 2026 um 17:00 Uhr<\/strong> laden die Sopranistin <strong data-start=\"93\" data-end=\"109\">Diana Darnea<\/strong> und der Pianist <strong data-start=\"126\" data-end=\"142\">Denis Ivanov<\/strong> zu einem stimmungsvollen Liederabend in die <strong data-start=\"187\" data-end=\"223\">L\u2019ar\u00e9na Eventlounge in Wuppertal<\/strong> ein. Unter dem Titel <em data-start=\"245\" data-end=\"265\">\u201eNacht und Tr\u00e4ume\u201c<\/em> erwartet das Publikum eine musikalische Reise durch die romantische und impressionistische Klangwelt der gro\u00dfen Liedkomponisten.<\/p>\n<p data-start=\"396\" data-end=\"758\">Auf dem Programm stehen ausgew\u00e4hlte Lieder und Klavierwerke von <strong data-start=\"460\" data-end=\"552\">Schumann, Mendelssohn, Richard Strauss, Debussy, Faur\u00e9, Liszt, Rachmaninow, Tschaikowski<\/strong> und <strong data-start=\"557\" data-end=\"576\">Rimski-Korsakow<\/strong>. Die Werke verbinden poetische Texte, virtuose Klavierkunst und ausdrucksstarken Gesang zu einer atmosph\u00e4rischen Konzertstunde voller Emotion, Sehnsucht und n\u00e4chtlicher Klangfarben.<\/p>\n<p data-start=\"760\" data-end=\"903\">Der Eintritt ist frei, <strong data-start=\"783\" data-end=\"810\">Spenden sind willkommen<\/strong>. Wir freuen uns darauf, Sie zu diesem besonderen musikalischen Abend begr\u00fc\u00dfen zu d\u00fcrfen. \ud83c\udfb6\u2728<\/p>\n","protected":false},"excerpt":{"rendered":"<p>Nacht und Tr\u00e4ume \u2013 Liederabend Am 12. April 2026 um 17:00 Uhr laden die Sopranistin Diana Darnea und der Pianist Denis Ivanov zu einem stimmungsvollen Liederabend in die L\u2019ar\u00e9na Eventlounge&hellip; <a class=\"more-link\" href=\"https:\/\/larena-wuppertal.de\/?tribe_events=nacht-und-traeume-live-in-der-larena-eventlounge\"><span class=\"screen-reader-text\">Nacht und Tr\u00e4ume \u2013 live in der lar\u00e9na Eventlounge<\/span> weiterlesen<\/a><\/p>\n","protected":false},"author":1,"featured_media":1584,"comment_status":"open","ping_status":"closed","template":"","meta":{"_price":"","_stock":"","_tribe_ticket_header":"","_tribe_default_ticket_provider":"","_tribe_ticket_capacity":"0","_ticket_start_date":"","_ticket_end_date":"","_tribe_ticket_show_description":"","_tribe_ticket_show_not_going":false,"_tribe_ticket_use_global_stock":"","_tribe_ticket_global_stock_level":"","_global_stock_mode":"","_global_stock_cap":"","_tribe_rsvp_for_event":"","_tribe_ticket_going_count":"","_tribe_ticket_not_going_count":"","_tribe_tickets_list":[],"_tribe_ticket_has_attendee_info_fields":false,"_tribe_events_status":"","_tribe_events_status_reason":"","footnotes":"","_links_to":"","_links_to_target":""},"tags":[],"tribe_events_cat":[],"class_list":["post-1583","tribe_events","type-tribe_events","status-publish","has-post-thumbnail","hentry","entry"],"ticketed":false,"_links":{"self":[{"href":"https:\/\/larena-wuppertal.de\/index.php?rest_route=\/wp\/v2\/tribe_events\/1583"}],"collection":[{"href":"https:\/\/larena-wuppertal.de\/index.php?rest_route=\/wp\/v2\/tribe_events"}],"about":[{"href":"https:\/\/larena-wuppertal.de\/index.php?rest_route=\/wp\/v2\/types\/tribe_events"}],"author":[{"embeddable":true,"href":"https:\/\/larena-wuppertal.de\/index.php?rest_route=\/wp\/v2\/users\/1"}],"replies":[{"embeddable":true,"href":"https:\/\/larena-wuppertal.de\/index.php?rest_route=%2Fwp%2Fv2%2Fcomments&post=1583"}],"version-history":[{"count":1,"href":"https:\/\/larena-wuppertal.de\/index.php?rest_route=\/wp\/v2\/tribe_events\/1583\/revisions"}],"predecessor-version":[{"id":1585,"href":"https:\/\/larena-wuppertal.de\/index.php?rest_route=\/wp\/v2\/tribe_events\/1583\/revisions\/1585"}],"wp:featuredmedia":[{"embeddable":true,"href":"https:\/\/larena-wuppertal.de\/index.php?rest_route=\/wp\/v2\/media\/1584"}],"wp:attachment":[{"href":"https:\/\/larena-wuppertal.de\/index.php?rest_route=%2Fwp%2Fv2%2Fmedia&parent=1583"}],"wp:term":[{"taxonomy":"post_tag","embeddable":true,"href":"https:\/\/larena-wuppertal.de\/index.php?rest_route=%2Fwp%2Fv2%2Ftags&post=1583"},{"taxonomy":"tribe_events_cat","embeddable":true,"href":"https:\/\/larena-wuppertal.de\/index.php?rest_route=%2Fwp%2Fv2%2Ftribe_events_cat&post=1583"}],"curies":[{"name":"wp","href":"https:\/\/api.w.org\/{rel}","templated":true}]}}

Nacht und Träume – live in der laréna Eventlounge

<p data-start="0" data-end="34"><strong data-start="0" data-end="34">Nacht und Träume – Liederabend</strong></p>
<p data-start="36" data-end="394">Am <strong data-start="39" data-end="70">12. April 2026 um 17:00 Uhr</strong> laden die Sopranistin <strong data-start="93" data-end="109">Diana Darnea</strong> und der Pianist <strong data-start="126" data-end="142">Denis Ivanov</strong> zu einem stimmungsvollen Liederabend in die <strong data-start="187" data-end="223">L’aréna Eventlounge in Wuppertal</strong> ein. Unter dem Titel <em data-start="245" data-end="265">„Nacht und Träume“</em> erwartet das Publikum eine musikalische Reise durch die romantische und impressionistische Klangwelt der großen Liedkomponisten.</p>
<p data-start="396" data-end="758">Auf dem Programm stehen ausgewählte Lieder und Klavierwerke von <strong data-start="460" data-end="552">Schumann, Mendelssohn, Richard Strauss, Debussy, Fauré, Liszt, Rachmaninow, Tschaikowski</strong> und <strong data-start="557" data-end="576">Rimski-Korsakow</strong>. Die Werke verbinden poetische Texte, virtuose Klavierkunst und ausdrucksstarken Gesang zu einer atmosphärischen Konzertstunde voller Emotion, Sehnsucht und nächtlicher Klangfarben.</p>
<p data-start="760" data-end="903">Der Eintritt ist frei, <strong data-start="783" data-end="810">Spenden sind willkommen</strong>. Wir freuen uns darauf, Sie zu diesem besonderen musikalischen Abend begrüßen zu dürfen. 🎶✨</p>

<p>Nacht und Träume – Liederabend Am 12. April 2026 um 17:00 Uhr laden die Sopranistin Diana Darnea und der Pianist Denis Ivanov zu einem stimmungsvollen Liederabend in die L’aréna Eventlounge&hellip; <a class="more-link" href="https://larena-wuppertal.de/?tribe_events=nacht-und-traeume-live-in-der-larena-eventlounge"><span class="screen-reader-text">Nacht und Träume – live in der laréna Eventlounge</span> weiterlesen</a></p>
