{"id":1526,"date":"2024-08-04T14:26:05","date_gmt":"2024-08-04T12:26:05","guid":{"rendered":"https:\/\/larena-wuppertal.de\/?post_type=tribe_events&#038;p=1526"},"modified":"2024-08-04T14:30:17","modified_gmt":"2024-08-04T12:30:17","slug":"1526","status":"publish","type":"tribe_events","link":"https:\/\/larena-wuppertal.de\/?tribe_events=1526","title":{"rendered":"JUNGE VIRTUOSEN \u2013 live in der lar\u00e9na Eventlounge"},"content":{"rendered":"<h2>JUNGE VIRTUOSEN<\/h2>\n<h4>L\u00e9a Costard, Klavier<br \/>\nValentin Henle, Saxophon<br \/>\nYukichiyo Gwendolyn Yokota, Saxophon<\/h4>\n<h4>und<br \/>\nihre LehrerInnen:<\/h4>\n<h4>L\u00e9a Yoanna Adam Yuriy Broshel<br \/>\nDenis Ivanov am Klavier<\/h4>\n<h4>Im Programm:<br \/>\nDemersseman, Liszt, Chopin, Mendelssohn, Filtsch, Dubois, Itturalde<\/h4>\n<p>&nbsp;<\/p>\n<p>L\u00e9a Costard wurde 2010 in Saint-Malo (Frankreich) geboren und begann im Alter von 5 Jahren mit dem<br \/>\nKlavierspielen. Kurz danach erhielt sie den Klavierunterricht bei der Konzertpianistin und<br \/>\nKlavierp\u00e4dagogin L\u00e9a-Yoanna Adam. L\u00e9a Costard zeigte von Anfang ihre gro\u00dfe Musikalit\u00e4t und gewann<br \/>\nschon in jungen Jahren diverse internationale Klavierwettbewerbe, u.a. \u00abCl\u00e9 d\u2019or\u00bb, \u00abFLAME\u00bb,<br \/>\n\u00abInternational Moscow music competition\u00bb und \u00abConstanta International Competition\u00bb. Im M\u00e4rz 2024<br \/>\nerhielt sie den 3. Preis in der h\u00f6heren Kategorie beim internationalen<br \/>\nProdige-Steinway-Wettbewerb in Paris. Im Juli 2024 wird sie mit dem Orchestre Fran\u00e7ais des Jeunes<br \/>\nTalents am &#8220;World Orchestra Festival&#8221; in Wien und Paris teilnehmen. Im Sommer 2024 wird sie mit<br \/>\nKlavierabenden auf mehreren Musikfestivals in der Bretagne (Frankreich) auftreten. W\u00e4hrend sie ihre<br \/>\nintensive Klavierausbildung fortsetzte, spielt sie regelm\u00e4\u00dfig sowohl Solo- und Kammermusikkonzerten<br \/>\nals auch Konzerte als Solistin mit Orchester.<\/p>\n<p>Valentin Henle wurde 2012 in D\u00fcsseldorf geboren. Saxophon spielt er seit seinem<br \/>\n6. Lebensjahr. Im Jahr 2019 begann er seinen Unterricht bei dem Saxophonisten Yuriy Broshel, K\u00f6ln.<br \/>\nEr erhielt mehrere 1. Preise beim Regional- und Landeswettbewerb &#8220;Jugend musiziert&#8221;, unter anderem<br \/>\nden 1. Preis beim Landeswettbewerb &#8220;Jugend musiziert&#8221; 2023 in M\u00fcnster in der Kategorie<br \/>\n&#8220;Saxophon Duo&#8221; und den 1. Preis beim Landeswettbewerb 2024 in K\u00f6ln in der Kategorie\u00a0 &#8220;Saxophon Solo&#8221;.<br \/>\nIm M\u00e4rz 2024 trat er mit dem Pianisten Dennis Ivanov beim Preistr\u00e4gerkonzert<br \/>\n&#8220;Jugend musiziert&#8221; im Robert-Schumann Saal in D\u00fcsseldorf auf.<\/p>\n<p>Yukichiyo Gwendolyn Yokota, geboren 2011 in Tokio, begann sie im Alter von 9 Jahren Saxophon zu<br \/>\nspielen. Seitdem wird sie von Yuriy Broshel betreut. Sie gewann den 1. Preis im Saxophon-Solo beim<br \/>\nJugend Musiziert NRW 2021, Bundeswettbewerb 2024 und den 1. Preis im Saxophon-Duo beim Jump NRW<br \/>\nLandeswettbewerb 2023. Yukichiyo wird nicht nur als klassische Saxophonspielerin, sondern auch als<br \/>\nJazzmusikerin gefeiert. Sie gewann den 1. Preis im Klavier-Solo, Saxophon-Solo und den Solo Award<br \/>\nbeim Landeswettbewerb Jugend jazzt NRW. Sie spielte 2021 und 2022 bei Jazz-Live- Sessions im<br \/>\nDomicil Jazz Club in Dortmund. Yukichiyo spielt auch Klavier und hat viele Wettbewerbe gewonnen.<br \/>\nSie ist Pre-College-Studentin der Academia Del Ridotto in Italien und wird von Aki Kuroda sowie<br \/>\nAyako Koyama, Andreas Fr\u00f6lich, Siavush Gadjiev und Alexander Gadjiev betreut. Mit 12 Jahren wurde<br \/>\nsie als j\u00fcngste Teilnehmerin von \u00abAlexander Gadjiev und Siavush Gadjievs Sommer- Masterclass\u00bb und<br \/>\nspielte im Slowenischen Philharmonie Hall.<\/p>\n<p>&nbsp;<\/p>\n<p>Eintritt frei. Eine Ausgangsspende f\u00fcr die K\u00fcnstler wird erbeten.<\/p>\n<p><a href=\"https:\/\/larena-wuppertal.de\/?page_id=339\"><strong>Zur Online-Reservierung<\/strong><\/a><\/p>\n","protected":false},"excerpt":{"rendered":"<p>JUNGE VIRTUOSEN L\u00e9a Costard, Klavier Valentin Henle, Saxophon Yukichiyo Gwendolyn Yokota, Saxophon und ihre LehrerInnen: L\u00e9a Yoanna Adam Yuriy Broshel Denis Ivanov am Klavier Im Programm: Demersseman, Liszt, Chopin, Mendelssohn,&hellip; <a class=\"more-link\" href=\"https:\/\/larena-wuppertal.de\/?tribe_events=1526\"><span class=\"screen-reader-text\">JUNGE VIRTUOSEN \u2013 live in der lar\u00e9na Eventlounge<\/span> weiterlesen<\/a><\/p>\n","protected":false},"author":1,"featured_media":1528,"comment_status":"closed","ping_status":"closed","template":"","meta":{"_price":"","_stock":"","_tribe_ticket_header":"","_tribe_default_ticket_provider":"","_tribe_ticket_capacity":"0","_ticket_start_date":"","_ticket_end_date":"","_tribe_ticket_show_description":"","_tribe_ticket_show_not_going":false,"_tribe_ticket_use_global_stock":"","_tribe_ticket_global_stock_level":"","_global_stock_mode":"","_global_stock_cap":"","_tribe_rsvp_for_event":"","_tribe_ticket_going_count":"","_tribe_ticket_not_going_count":"","_tribe_tickets_list":[],"_tribe_ticket_has_attendee_info_fields":false,"_tribe_events_status":"","_tribe_events_status_reason":"","footnotes":"","_links_to":"","_links_to_target":""},"tags":[],"tribe_events_cat":[],"class_list":["post-1526","tribe_events","type-tribe_events","status-publish","has-post-thumbnail","hentry","entry"],"ticketed":false,"_links":{"self":[{"href":"https:\/\/larena-wuppertal.de\/index.php?rest_route=\/wp\/v2\/tribe_events\/1526"}],"collection":[{"href":"https:\/\/larena-wuppertal.de\/index.php?rest_route=\/wp\/v2\/tribe_events"}],"about":[{"href":"https:\/\/larena-wuppertal.de\/index.php?rest_route=\/wp\/v2\/types\/tribe_events"}],"author":[{"embeddable":true,"href":"https:\/\/larena-wuppertal.de\/index.php?rest_route=\/wp\/v2\/users\/1"}],"replies":[{"embeddable":true,"href":"https:\/\/larena-wuppertal.de\/index.php?rest_route=%2Fwp%2Fv2%2Fcomments&post=1526"}],"version-history":[{"count":3,"href":"https:\/\/larena-wuppertal.de\/index.php?rest_route=\/wp\/v2\/tribe_events\/1526\/revisions"}],"predecessor-version":[{"id":1531,"href":"https:\/\/larena-wuppertal.de\/index.php?rest_route=\/wp\/v2\/tribe_events\/1526\/revisions\/1531"}],"wp:featuredmedia":[{"embeddable":true,"href":"https:\/\/larena-wuppertal.de\/index.php?rest_route=\/wp\/v2\/media\/1528"}],"wp:attachment":[{"href":"https:\/\/larena-wuppertal.de\/index.php?rest_route=%2Fwp%2Fv2%2Fmedia&parent=1526"}],"wp:term":[{"taxonomy":"post_tag","embeddable":true,"href":"https:\/\/larena-wuppertal.de\/index.php?rest_route=%2Fwp%2Fv2%2Ftags&post=1526"},{"taxonomy":"tribe_events_cat","embeddable":true,"href":"https:\/\/larena-wuppertal.de\/index.php?rest_route=%2Fwp%2Fv2%2Ftribe_events_cat&post=1526"}],"curies":[{"name":"wp","href":"https:\/\/api.w.org\/{rel}","templated":true}]}}

JUNGE VIRTUOSEN – live in der laréna Eventlounge

<h2>JUNGE VIRTUOSEN</h2>
<h4>Léa Costard, Klavier<br />
Valentin Henle, Saxophon<br />
Yukichiyo Gwendolyn Yokota, Saxophon</h4>
<h4>und<br />
ihre LehrerInnen:</h4>
<h4>Léa Yoanna Adam Yuriy Broshel<br />
Denis Ivanov am Klavier</h4>
<h4>Im Programm:<br />
Demersseman, Liszt, Chopin, Mendelssohn, Filtsch, Dubois, Itturalde</h4>
<p>&nbsp;</p>
<p>Léa Costard wurde 2010 in Saint-Malo (Frankreich) geboren und begann im Alter von 5 Jahren mit dem<br />
Klavierspielen. Kurz danach erhielt sie den Klavierunterricht bei der Konzertpianistin und<br />
Klavierpädagogin Léa-Yoanna Adam. Léa Costard zeigte von Anfang ihre große Musikalität und gewann<br />
schon in jungen Jahren diverse internationale Klavierwettbewerbe, u.a. «Clé d’or», «FLAME»,<br />
«International Moscow music competition» und «Constanta International Competition». Im März 2024<br />
erhielt sie den 3. Preis in der höheren Kategorie beim internationalen<br />
Prodige-Steinway-Wettbewerb in Paris. Im Juli 2024 wird sie mit dem Orchestre Français des Jeunes<br />
Talents am &#8220;World Orchestra Festival&#8221; in Wien und Paris teilnehmen. Im Sommer 2024 wird sie mit<br />
Klavierabenden auf mehreren Musikfestivals in der Bretagne (Frankreich) auftreten. Während sie ihre<br />
intensive Klavierausbildung fortsetzte, spielt sie regelmäßig sowohl Solo- und Kammermusikkonzerten<br />
als auch Konzerte als Solistin mit Orchester.</p>
<p>Valentin Henle wurde 2012 in Düsseldorf geboren. Saxophon spielt er seit seinem<br />
6. Lebensjahr. Im Jahr 2019 begann er seinen Unterricht bei dem Saxophonisten Yuriy Broshel, Köln.<br />
Er erhielt mehrere 1. Preise beim Regional- und Landeswettbewerb &#8220;Jugend musiziert&#8221;, unter anderem<br />
den 1. Preis beim Landeswettbewerb &#8220;Jugend musiziert&#8221; 2023 in Münster in der Kategorie<br />
&#8220;Saxophon Duo&#8221; und den 1. Preis beim Landeswettbewerb 2024 in Köln in der Kategorie  &#8220;Saxophon Solo&#8221;.<br />
Im März 2024 trat er mit dem Pianisten Dennis Ivanov beim Preisträgerkonzert<br />
&#8220;Jugend musiziert&#8221; im Robert-Schumann Saal in Düsseldorf auf.</p>
<p>Yukichiyo Gwendolyn Yokota, geboren 2011 in Tokio, begann sie im Alter von 9 Jahren Saxophon zu<br />
spielen. Seitdem wird sie von Yuriy Broshel betreut. Sie gewann den 1. Preis im Saxophon-Solo beim<br />
Jugend Musiziert NRW 2021, Bundeswettbewerb 2024 und den 1. Preis im Saxophon-Duo beim Jump NRW<br />
Landeswettbewerb 2023. Yukichiyo wird nicht nur als klassische Saxophonspielerin, sondern auch als<br />
Jazzmusikerin gefeiert. Sie gewann den 1. Preis im Klavier-Solo, Saxophon-Solo und den Solo Award<br />
beim Landeswettbewerb Jugend jazzt NRW. Sie spielte 2021 und 2022 bei Jazz-Live- Sessions im<br />
Domicil Jazz Club in Dortmund. Yukichiyo spielt auch Klavier und hat viele Wettbewerbe gewonnen.<br />
Sie ist Pre-College-Studentin der Academia Del Ridotto in Italien und wird von Aki Kuroda sowie<br />
Ayako Koyama, Andreas Frölich, Siavush Gadjiev und Alexander Gadjiev betreut. Mit 12 Jahren wurde<br />
sie als jüngste Teilnehmerin von «Alexander Gadjiev und Siavush Gadjievs Sommer- Masterclass» und<br />
spielte im Slowenischen Philharmonie Hall.</p>
<p>&nbsp;</p>
<p>Eintritt frei. Eine Ausgangsspende für die Künstler wird erbeten.</p>
<p><a href="https://larena-wuppertal.de/?page_id=339"><strong>Zur Online-Reservierung</strong></a></p>

<p>JUNGE VIRTUOSEN Léa Costard, Klavier Valentin Henle, Saxophon Yukichiyo Gwendolyn Yokota, Saxophon und ihre LehrerInnen: Léa Yoanna Adam Yuriy Broshel Denis Ivanov am Klavier Im Programm: Demersseman, Liszt, Chopin, Mendelssohn,&hellip; <a class="more-link" href="https://larena-wuppertal.de/?tribe_events=1526"><span class="screen-reader-text">JUNGE VIRTUOSEN – live in der laréna Eventlounge</span> weiterlesen</a></p>
