{"id":1511,"date":"2024-05-20T20:55:15","date_gmt":"2024-05-20T18:55:15","guid":{"rendered":"https:\/\/larena-wuppertal.de\/?post_type=tribe_events&#038;p=1511"},"modified":"2024-05-20T20:55:15","modified_gmt":"2024-05-20T18:55:15","slug":"konzert-klavierduo-emotion-landschaften-des-klanges-live-in-der-larena-eventlounge","status":"publish","type":"tribe_events","link":"https:\/\/larena-wuppertal.de\/?tribe_events=konzert-klavierduo-emotion-landschaften-des-klanges-live-in-der-larena-eventlounge","title":{"rendered":"Konzert Klavierduo Emotion \u2013 Landschaften des Klanges \u2013 live in der lar\u00e9na Eventlounge"},"content":{"rendered":"<p>Denis Ivanov und L\u00e9a Yoanna Adam mit &#8220;Landschaften des Klanges&#8221;.<br \/>\nIm Programm: Czerny, Schubert, Poulenc, Debussy, Gershwin \u2026<\/p>\n<p>Die preisgekr\u00f6nte geb\u00fcrtige Rum\u00e4nin L\u00e9a Yoanna Adam hat<br \/>\neinen reichen, komplexen und atypischen musikalischen<br \/>\nHintergrund, der es ihr erm\u00f6glicht hat, sich einen Platz in der<br \/>\nWelt der klassischen Musik auf internationaler Ebene zu<br \/>\nverschaffen. Die brillante Pianistin unternahm sie mehrj\u00e4hrige<br \/>\nTourneen als Solistin und Dirigentin in Frankreich und im<br \/>\nAusland (Rum\u00e4nien, \u00d6sterreich, Deutschland, Italien, Lettland, USA&#8230;)<\/p>\n<p>L\u00e9a Yoanna Adam ist die Gr\u00fcndungspr\u00e4sidentin von<br \/>\n\u00abAcad\u00e9mie des artistes Musiciens\u00bb (A.D.A.M.), unter deren<br \/>\nSchirmherrschaft sie Konzerte, Wettbewerbe, Festivals und<br \/>\nMeisterkurse organisiert, um talentierten jungen Musikern mit<br \/>\nRat und Tat zur Seite zu stehen. Sie ist oft als Jurymitglieder<br \/>\nbei diversen internationalen Klavierwettbewerben gefragt.<br \/>\nDer in St. Petersburger geborene Pianist Denis Ivanov erhielt<br \/>\nseine Ausbildung als Konzertpianist am Konservatorium<br \/>\n\u00abRimsky-Korsakov\u00bb, der Hochschule f\u00fcr Musik \u00abCarl Maria von<br \/>\nWeber\u00bb in Dresden und an der Hochschule f\u00fcr Musik und Tanz<br \/>\nin K\u00f6ln.<\/p>\n<p>Denis Ivanov ist ein vielseitiger Musiker. Er tritt sowohl als<br \/>\nSolist wie auch und Kammermusikpartner in ganz Europa,<br \/>\nauch in Russland und Japan.<br \/>\nDenis Ivanov spielt im Duo &#8220;Borisowitch &amp; Jhang\u00bb, im Duo<br \/>\n\u00abGegenwind\u00bb und im \u00abA-Trio\u00bb. Mit seiner ehemaligen Lehrerin<br \/>\nL\u00e9a Yoanna Adam bildet er das Klavierduo \u00abEmotion\u00bb. Dieses<br \/>\nKlavierduo erntete bei uns auch stehende Ovationen. Er ist<br \/>\nDozent an der Hochschule f\u00fcr Musik und Tanz K\u00f6ln und auch<br \/>\nein gefragter Pianist bei Klavierkonzerten.<\/p>\n<p>&nbsp;<\/p>\n<p>Eintritt frei. Eine Ausgangsspende f\u00fcr die K\u00fcnstler wird erbeten.<\/p>\n<p><a href=\"https:\/\/larena-wuppertal.de\/?page_id=339\"><strong>Zur Online-Reservierung<\/strong><\/a><\/p>\n","protected":false},"excerpt":{"rendered":"<p>Denis Ivanov und L\u00e9a Yoanna Adam mit &#8220;Landschaften des Klanges&#8221;. Im Programm: Czerny, Schubert, Poulenc, Debussy, Gershwin \u2026 Die preisgekr\u00f6nte geb\u00fcrtige Rum\u00e4nin L\u00e9a Yoanna Adam hat einen reichen, komplexen und&hellip; <a class=\"more-link\" href=\"https:\/\/larena-wuppertal.de\/?tribe_events=konzert-klavierduo-emotion-landschaften-des-klanges-live-in-der-larena-eventlounge\"><span class=\"screen-reader-text\">Konzert Klavierduo Emotion \u2013 Landschaften des Klanges \u2013 live in der lar\u00e9na Eventlounge<\/span> weiterlesen<\/a><\/p>\n","protected":false},"author":1,"featured_media":1512,"comment_status":"closed","ping_status":"closed","template":"","meta":{"_price":"","_stock":"","_tribe_ticket_header":"","_tribe_default_ticket_provider":"","_tribe_ticket_capacity":"0","_ticket_start_date":"","_ticket_end_date":"","_tribe_ticket_show_description":"","_tribe_ticket_show_not_going":false,"_tribe_ticket_use_global_stock":"","_tribe_ticket_global_stock_level":"","_global_stock_mode":"","_global_stock_cap":"","_tribe_rsvp_for_event":"","_tribe_ticket_going_count":"","_tribe_ticket_not_going_count":"","_tribe_tickets_list":[],"_tribe_ticket_has_attendee_info_fields":false,"_tribe_events_status":"","_tribe_events_status_reason":"","footnotes":"","_links_to":"","_links_to_target":""},"tags":[],"tribe_events_cat":[],"class_list":["post-1511","tribe_events","type-tribe_events","status-publish","has-post-thumbnail","hentry","entry"],"ticketed":false,"_links":{"self":[{"href":"https:\/\/larena-wuppertal.de\/index.php?rest_route=\/wp\/v2\/tribe_events\/1511"}],"collection":[{"href":"https:\/\/larena-wuppertal.de\/index.php?rest_route=\/wp\/v2\/tribe_events"}],"about":[{"href":"https:\/\/larena-wuppertal.de\/index.php?rest_route=\/wp\/v2\/types\/tribe_events"}],"author":[{"embeddable":true,"href":"https:\/\/larena-wuppertal.de\/index.php?rest_route=\/wp\/v2\/users\/1"}],"replies":[{"embeddable":true,"href":"https:\/\/larena-wuppertal.de\/index.php?rest_route=%2Fwp%2Fv2%2Fcomments&post=1511"}],"version-history":[{"count":1,"href":"https:\/\/larena-wuppertal.de\/index.php?rest_route=\/wp\/v2\/tribe_events\/1511\/revisions"}],"predecessor-version":[{"id":1513,"href":"https:\/\/larena-wuppertal.de\/index.php?rest_route=\/wp\/v2\/tribe_events\/1511\/revisions\/1513"}],"wp:featuredmedia":[{"embeddable":true,"href":"https:\/\/larena-wuppertal.de\/index.php?rest_route=\/wp\/v2\/media\/1512"}],"wp:attachment":[{"href":"https:\/\/larena-wuppertal.de\/index.php?rest_route=%2Fwp%2Fv2%2Fmedia&parent=1511"}],"wp:term":[{"taxonomy":"post_tag","embeddable":true,"href":"https:\/\/larena-wuppertal.de\/index.php?rest_route=%2Fwp%2Fv2%2Ftags&post=1511"},{"taxonomy":"tribe_events_cat","embeddable":true,"href":"https:\/\/larena-wuppertal.de\/index.php?rest_route=%2Fwp%2Fv2%2Ftribe_events_cat&post=1511"}],"curies":[{"name":"wp","href":"https:\/\/api.w.org\/{rel}","templated":true}]}}

Konzert Klavierduo Emotion – Landschaften des Klanges – live in der laréna Eventlounge

<p>Denis Ivanov und Léa Yoanna Adam mit &#8220;Landschaften des Klanges&#8221;.<br />
Im Programm: Czerny, Schubert, Poulenc, Debussy, Gershwin …</p>
<p>Die preisgekrönte gebürtige Rumänin Léa Yoanna Adam hat<br />
einen reichen, komplexen und atypischen musikalischen<br />
Hintergrund, der es ihr ermöglicht hat, sich einen Platz in der<br />
Welt der klassischen Musik auf internationaler Ebene zu<br />
verschaffen. Die brillante Pianistin unternahm sie mehrjährige<br />
Tourneen als Solistin und Dirigentin in Frankreich und im<br />
Ausland (Rumänien, Österreich, Deutschland, Italien, Lettland, USA&#8230;)</p>
<p>Léa Yoanna Adam ist die Gründungspräsidentin von<br />
«Académie des artistes Musiciens» (A.D.A.M.), unter deren<br />
Schirmherrschaft sie Konzerte, Wettbewerbe, Festivals und<br />
Meisterkurse organisiert, um talentierten jungen Musikern mit<br />
Rat und Tat zur Seite zu stehen. Sie ist oft als Jurymitglieder<br />
bei diversen internationalen Klavierwettbewerben gefragt.<br />
Der in St. Petersburger geborene Pianist Denis Ivanov erhielt<br />
seine Ausbildung als Konzertpianist am Konservatorium<br />
«Rimsky-Korsakov», der Hochschule für Musik «Carl Maria von<br />
Weber» in Dresden und an der Hochschule für Musik und Tanz<br />
in Köln.</p>
<p>Denis Ivanov ist ein vielseitiger Musiker. Er tritt sowohl als<br />
Solist wie auch und Kammermusikpartner in ganz Europa,<br />
auch in Russland und Japan.<br />
Denis Ivanov spielt im Duo &#8220;Borisowitch &amp; Jhang», im Duo<br />
«Gegenwind» und im «A-Trio». Mit seiner ehemaligen Lehrerin<br />
Léa Yoanna Adam bildet er das Klavierduo «Emotion». Dieses<br />
Klavierduo erntete bei uns auch stehende Ovationen. Er ist<br />
Dozent an der Hochschule für Musik und Tanz Köln und auch<br />
ein gefragter Pianist bei Klavierkonzerten.</p>
<p>&nbsp;</p>
<p>Eintritt frei. Eine Ausgangsspende für die Künstler wird erbeten.</p>
<p><a href="https://larena-wuppertal.de/?page_id=339"><strong>Zur Online-Reservierung</strong></a></p>

<p>Denis Ivanov und Léa Yoanna Adam mit &#8220;Landschaften des Klanges&#8221;. Im Programm: Czerny, Schubert, Poulenc, Debussy, Gershwin … Die preisgekrönte gebürtige Rumänin Léa Yoanna Adam hat einen reichen, komplexen und&hellip; <a class="more-link" href="https://larena-wuppertal.de/?tribe_events=konzert-klavierduo-emotion-landschaften-des-klanges-live-in-der-larena-eventlounge"><span class="screen-reader-text">Konzert Klavierduo Emotion – Landschaften des Klanges – live in der laréna Eventlounge</span> weiterlesen</a></p>
