{"id":1426,"date":"2023-05-13T20:00:25","date_gmt":"2023-05-13T18:00:25","guid":{"rendered":"https:\/\/larena-wuppertal.de\/?post_type=tribe_events&#038;p=1426"},"modified":"2023-10-02T15:06:00","modified_gmt":"2023-10-02T13:06:00","slug":"paul-millns-live-in-der-larena-eventlounge","status":"publish","type":"tribe_events","link":"https:\/\/larena-wuppertal.de\/?tribe_events=paul-millns-live-in-der-larena-eventlounge","title":{"rendered":"Paul Millns \u2013 live in der lar\u00e9na Eventlounge"},"content":{"rendered":"<p>Paul Millns ist ein Musiker der leisen Art, der um seine Person nie viel Wirbel gemacht hat. Er wurde in Norfolk geboren und begann seine musikalische Karriere Ende der 60er\/Anfang der 70er Jahre als Pianist und Keyboarder in verschiedenen Blues- und Soulbands wie \u201eTwo hearts\u201c, \u201eSweet thunder\u201c, der \u201eTaste\u201c-Nachfolgeformation \u201eStud\u201c und \u201eSpare Rib\u201c. Es folgten Welttourneen in den Bands von Alexis Korner und Eric Burdon sowie Tourneen mit Louisiana Red, Bert Jansch und<br \/>\nJo-Ann Kelly. Zudem arbeitete er mit David Crosby, Peter Thorup, John Mayall, Murray Head, Ralph McTell und John Martyn zusammen.<br \/>\nMusikalisch umfa\u00dft seine Bandbreite sowohl ruhige und einf\u00fchlsame Balladen als auch eine explosive Mischung aus Soul, Blues und Rock. Neben seinen ausgefeilten Arrangements, dem perfekten Pianospiel und der rauen, ausdrucksstarken Stimme, \u00fcberzeugt Paul Millns auch mit intelligenten und aussagekr\u00e4ftigen Texten. Er singt von allt\u00e4glichen Beobachtungen, von den Querschl\u00e4gen des Lebens, aber er bezieht auch zu politischen Themen wie Arbeitslosigkeit und Ausl\u00e4nderha\u00df<br \/>\nkonkret Stellung.<\/p>\n<p>Freuen Sie sich auf einen stimmungsvoller Performer, der seine Lieder mit kleinen Geschichten ank\u00fcndigt \u2013 sensibel, sympathisch und auch mit dem typisch britischen Humor.<\/p>\n<p>Eintritt frei. Eine Ausgangsspende f\u00fcr die K\u00fcnstler wird erbeten.<\/p>\n<p><a href=\"https:\/\/larena-wuppertal.de\/?page_id=339\"><strong>Zur Online-Reservierung<\/strong><\/a><\/p>\n","protected":false},"excerpt":{"rendered":"<p>Paul Millns ist ein Musiker der leisen Art, der um seine Person nie viel Wirbel gemacht hat. Er wurde in Norfolk geboren und begann seine musikalische Karriere Ende der 60er\/Anfang&hellip; <a class=\"more-link\" href=\"https:\/\/larena-wuppertal.de\/?tribe_events=paul-millns-live-in-der-larena-eventlounge\"><span class=\"screen-reader-text\">Paul Millns \u2013 live in der lar\u00e9na Eventlounge<\/span> weiterlesen<\/a><\/p>\n","protected":false},"author":1,"featured_media":1453,"comment_status":"closed","ping_status":"closed","template":"","meta":{"_price":"","_stock":"","_tribe_ticket_header":"","_tribe_default_ticket_provider":"","_tribe_ticket_capacity":"0","_ticket_start_date":"","_ticket_end_date":"","_tribe_ticket_show_description":"","_tribe_ticket_show_not_going":false,"_tribe_ticket_use_global_stock":"","_tribe_ticket_global_stock_level":"","_global_stock_mode":"","_global_stock_cap":"","_tribe_rsvp_for_event":"","_tribe_ticket_going_count":"","_tribe_ticket_not_going_count":"","_tribe_tickets_list":[],"_tribe_ticket_has_attendee_info_fields":false,"_tribe_events_status":"","_tribe_events_status_reason":"","footnotes":"","_links_to":"","_links_to_target":""},"tags":[],"tribe_events_cat":[],"class_list":["post-1426","tribe_events","type-tribe_events","status-publish","has-post-thumbnail","hentry","entry"],"ticketed":false,"_links":{"self":[{"href":"https:\/\/larena-wuppertal.de\/index.php?rest_route=\/wp\/v2\/tribe_events\/1426"}],"collection":[{"href":"https:\/\/larena-wuppertal.de\/index.php?rest_route=\/wp\/v2\/tribe_events"}],"about":[{"href":"https:\/\/larena-wuppertal.de\/index.php?rest_route=\/wp\/v2\/types\/tribe_events"}],"author":[{"embeddable":true,"href":"https:\/\/larena-wuppertal.de\/index.php?rest_route=\/wp\/v2\/users\/1"}],"replies":[{"embeddable":true,"href":"https:\/\/larena-wuppertal.de\/index.php?rest_route=%2Fwp%2Fv2%2Fcomments&post=1426"}],"version-history":[{"count":3,"href":"https:\/\/larena-wuppertal.de\/index.php?rest_route=\/wp\/v2\/tribe_events\/1426\/revisions"}],"predecessor-version":[{"id":1432,"href":"https:\/\/larena-wuppertal.de\/index.php?rest_route=\/wp\/v2\/tribe_events\/1426\/revisions\/1432"}],"wp:featuredmedia":[{"embeddable":true,"href":"https:\/\/larena-wuppertal.de\/index.php?rest_route=\/wp\/v2\/media\/1453"}],"wp:attachment":[{"href":"https:\/\/larena-wuppertal.de\/index.php?rest_route=%2Fwp%2Fv2%2Fmedia&parent=1426"}],"wp:term":[{"taxonomy":"post_tag","embeddable":true,"href":"https:\/\/larena-wuppertal.de\/index.php?rest_route=%2Fwp%2Fv2%2Ftags&post=1426"},{"taxonomy":"tribe_events_cat","embeddable":true,"href":"https:\/\/larena-wuppertal.de\/index.php?rest_route=%2Fwp%2Fv2%2Ftribe_events_cat&post=1426"}],"curies":[{"name":"wp","href":"https:\/\/api.w.org\/{rel}","templated":true}]}}

Paul Millns – live in der laréna Eventlounge

<p>Paul Millns ist ein Musiker der leisen Art, der um seine Person nie viel Wirbel gemacht hat. Er wurde in Norfolk geboren und begann seine musikalische Karriere Ende der 60er/Anfang der 70er Jahre als Pianist und Keyboarder in verschiedenen Blues- und Soulbands wie „Two hearts“, „Sweet thunder“, der „Taste“-Nachfolgeformation „Stud“ und „Spare Rib“. Es folgten Welttourneen in den Bands von Alexis Korner und Eric Burdon sowie Tourneen mit Louisiana Red, Bert Jansch und<br />
Jo-Ann Kelly. Zudem arbeitete er mit David Crosby, Peter Thorup, John Mayall, Murray Head, Ralph McTell und John Martyn zusammen.<br />
Musikalisch umfaßt seine Bandbreite sowohl ruhige und einfühlsame Balladen als auch eine explosive Mischung aus Soul, Blues und Rock. Neben seinen ausgefeilten Arrangements, dem perfekten Pianospiel und der rauen, ausdrucksstarken Stimme, überzeugt Paul Millns auch mit intelligenten und aussagekräftigen Texten. Er singt von alltäglichen Beobachtungen, von den Querschlägen des Lebens, aber er bezieht auch zu politischen Themen wie Arbeitslosigkeit und Ausländerhaß<br />
konkret Stellung.</p>
<p>Freuen Sie sich auf einen stimmungsvoller Performer, der seine Lieder mit kleinen Geschichten ankündigt – sensibel, sympathisch und auch mit dem typisch britischen Humor.</p>
<p>Eintritt frei. Eine Ausgangsspende für die Künstler wird erbeten.</p>
<p><a href="https://larena-wuppertal.de/?page_id=339"><strong>Zur Online-Reservierung</strong></a></p>

<p>Paul Millns ist ein Musiker der leisen Art, der um seine Person nie viel Wirbel gemacht hat. Er wurde in Norfolk geboren und begann seine musikalische Karriere Ende der 60er/Anfang&hellip; <a class="more-link" href="https://larena-wuppertal.de/?tribe_events=paul-millns-live-in-der-larena-eventlounge"><span class="screen-reader-text">Paul Millns – live in der laréna Eventlounge</span> weiterlesen</a></p>
