{"id":1345,"date":"2022-11-23T20:15:36","date_gmt":"2022-11-23T19:15:36","guid":{"rendered":"https:\/\/larena-wuppertal.de\/?post_type=tribe_events&#038;p=1345"},"modified":"2023-03-09T17:44:42","modified_gmt":"2023-03-09T16:44:42","slug":"stefan-lex-der-chor-live-in-der-larena-eventlounge","status":"publish","type":"tribe_events","link":"https:\/\/larena-wuppertal.de\/?tribe_events=stefan-lex-der-chor-live-in-der-larena-eventlounge","title":{"rendered":"Stefan Lex &#8211; DER CHOR! \u2013 live in der lar\u00e9na Eventlounge"},"content":{"rendered":"<h4>DER CHOR! und Stefan Lex pr\u00e4sentieren<\/h4>\n<h4>Exquisite M\u00e4nnerchormusik von traditionell bis modern!<\/h4>\n<p>Stefan Lex, Tenor und Chorleiter, pr\u00e4sentiert sein Vokalensemble DER CHOR!<br \/>\nHier haben sich ausgew\u00e4hlte S\u00e4nger aus 18 St\u00e4dten des Ruhrgebiets zusammengeschlossen, um auf h\u00f6chstem Niveau Chorwerke aller Genres einzustudieren. Der Rundfunk sendet regelm\u00e4\u00dfig Aufnahmen dieses Ausnahmechors, der mit zugleich kraftvollen und ber\u00fchrend feinsinnigen Kl\u00e4ngen<br \/>\nbeeindruckt. Anl\u00e4sslich des 100j\u00e4hrigen Jubil\u00e4ums von Borussia Dortmund traten die S\u00e4nger gemeinsam mit Stefan Lex vor 82000 Zuschauern auf.<\/p>\n<p>Sigrid Althoff begleitet alle K\u00fcnstler am Klavier und setzt solistische Glanzpunkte. Die Pianistin ersetzt ein ganzes Orchester am Klavier und verzaubert mit ihrem einzigartigen Anschlag. Stefan Lex verbindet als Entertainer die Musik mit informativen und zugleich humorvollen Worten zu einem abgerundeten Konzerterlebnis.<\/p>\n<p>Der Eintritt ist frei, es wird allerdings um eine Ausgangsspende f\u00fcr die K\u00fcnstler gebeten.<\/p>\n<p><a href=\"https:\/\/larena-wuppertal.de\/?page_id=339\"><strong>Zur Online-Reservierung<\/strong><\/a><\/p>\n","protected":false},"excerpt":{"rendered":"<p>DER CHOR! und Stefan Lex pr\u00e4sentieren Exquisite M\u00e4nnerchormusik von traditionell bis modern! Stefan Lex, Tenor und Chorleiter, pr\u00e4sentiert sein Vokalensemble DER CHOR! Hier haben sich ausgew\u00e4hlte S\u00e4nger aus 18 St\u00e4dten&hellip; <a class=\"more-link\" href=\"https:\/\/larena-wuppertal.de\/?tribe_events=stefan-lex-der-chor-live-in-der-larena-eventlounge\"><span class=\"screen-reader-text\">Stefan Lex &#8211; DER CHOR! \u2013 live in der lar\u00e9na Eventlounge<\/span> weiterlesen<\/a><\/p>\n","protected":false},"author":1,"featured_media":1390,"comment_status":"closed","ping_status":"closed","template":"","meta":{"_price":"","_stock":"","_tribe_ticket_header":"","_tribe_default_ticket_provider":"","_tribe_ticket_capacity":"0","_ticket_start_date":"","_ticket_end_date":"","_tribe_ticket_show_description":"","_tribe_ticket_show_not_going":false,"_tribe_ticket_use_global_stock":"","_tribe_ticket_global_stock_level":"","_global_stock_mode":"","_global_stock_cap":"","_tribe_rsvp_for_event":"","_tribe_ticket_going_count":"","_tribe_ticket_not_going_count":"","_tribe_tickets_list":[],"_tribe_ticket_has_attendee_info_fields":false,"_tribe_events_status":"","_tribe_events_status_reason":"","footnotes":"","_links_to":"","_links_to_target":""},"tags":[],"tribe_events_cat":[],"class_list":["post-1345","tribe_events","type-tribe_events","status-publish","has-post-thumbnail","hentry","entry"],"ticketed":false,"_links":{"self":[{"href":"https:\/\/larena-wuppertal.de\/index.php?rest_route=\/wp\/v2\/tribe_events\/1345"}],"collection":[{"href":"https:\/\/larena-wuppertal.de\/index.php?rest_route=\/wp\/v2\/tribe_events"}],"about":[{"href":"https:\/\/larena-wuppertal.de\/index.php?rest_route=\/wp\/v2\/types\/tribe_events"}],"author":[{"embeddable":true,"href":"https:\/\/larena-wuppertal.de\/index.php?rest_route=\/wp\/v2\/users\/1"}],"replies":[{"embeddable":true,"href":"https:\/\/larena-wuppertal.de\/index.php?rest_route=%2Fwp%2Fv2%2Fcomments&post=1345"}],"version-history":[{"count":4,"href":"https:\/\/larena-wuppertal.de\/index.php?rest_route=\/wp\/v2\/tribe_events\/1345\/revisions"}],"predecessor-version":[{"id":1399,"href":"https:\/\/larena-wuppertal.de\/index.php?rest_route=\/wp\/v2\/tribe_events\/1345\/revisions\/1399"}],"wp:featuredmedia":[{"embeddable":true,"href":"https:\/\/larena-wuppertal.de\/index.php?rest_route=\/wp\/v2\/media\/1390"}],"wp:attachment":[{"href":"https:\/\/larena-wuppertal.de\/index.php?rest_route=%2Fwp%2Fv2%2Fmedia&parent=1345"}],"wp:term":[{"taxonomy":"post_tag","embeddable":true,"href":"https:\/\/larena-wuppertal.de\/index.php?rest_route=%2Fwp%2Fv2%2Ftags&post=1345"},{"taxonomy":"tribe_events_cat","embeddable":true,"href":"https:\/\/larena-wuppertal.de\/index.php?rest_route=%2Fwp%2Fv2%2Ftribe_events_cat&post=1345"}],"curies":[{"name":"wp","href":"https:\/\/api.w.org\/{rel}","templated":true}]}}

Stefan Lex &#8211; DER CHOR! – live in der laréna Eventlounge

<h4>DER CHOR! und Stefan Lex präsentieren</h4>
<h4>Exquisite Männerchormusik von traditionell bis modern!</h4>
<p>Stefan Lex, Tenor und Chorleiter, präsentiert sein Vokalensemble DER CHOR!<br />
Hier haben sich ausgewählte Sänger aus 18 Städten des Ruhrgebiets zusammengeschlossen, um auf höchstem Niveau Chorwerke aller Genres einzustudieren. Der Rundfunk sendet regelmäßig Aufnahmen dieses Ausnahmechors, der mit zugleich kraftvollen und berührend feinsinnigen Klängen<br />
beeindruckt. Anlässlich des 100jährigen Jubiläums von Borussia Dortmund traten die Sänger gemeinsam mit Stefan Lex vor 82000 Zuschauern auf.</p>
<p>Sigrid Althoff begleitet alle Künstler am Klavier und setzt solistische Glanzpunkte. Die Pianistin ersetzt ein ganzes Orchester am Klavier und verzaubert mit ihrem einzigartigen Anschlag. Stefan Lex verbindet als Entertainer die Musik mit informativen und zugleich humorvollen Worten zu einem abgerundeten Konzerterlebnis.</p>
<p>Der Eintritt ist frei, es wird allerdings um eine Ausgangsspende für die Künstler gebeten.</p>
<p><a href="https://larena-wuppertal.de/?page_id=339"><strong>Zur Online-Reservierung</strong></a></p>

<p>DER CHOR! und Stefan Lex präsentieren Exquisite Männerchormusik von traditionell bis modern! Stefan Lex, Tenor und Chorleiter, präsentiert sein Vokalensemble DER CHOR! Hier haben sich ausgewählte Sänger aus 18 Städten&hellip; <a class="more-link" href="https://larena-wuppertal.de/?tribe_events=stefan-lex-der-chor-live-in-der-larena-eventlounge"><span class="screen-reader-text">Stefan Lex &#8211; DER CHOR! – live in der laréna Eventlounge</span> weiterlesen</a></p>
