{"id":1343,"date":"2022-11-23T20:13:34","date_gmt":"2022-11-23T19:13:34","guid":{"rendered":"https:\/\/larena-wuppertal.de\/?post_type=tribe_events&#038;p=1343"},"modified":"2023-02-28T20:49:03","modified_gmt":"2023-02-28T19:49:03","slug":"die-blonde-carmen-und-ihr-swing-kabarett-live-in-der-larena-eventlounge","status":"publish","type":"tribe_events","link":"https:\/\/larena-wuppertal.de\/?tribe_events=die-blonde-carmen-und-ihr-swing-kabarett-live-in-der-larena-eventlounge","title":{"rendered":"Die Blonde Carmen und ihr Swing Kabarett \u2013 live in der lar\u00e9na Eventlounge"},"content":{"rendered":"<p>Die Blonde Carmen und ihr Swing Kabarett<\/p>\n<p>&#8220;Die blonde Carmen&#8221; l\u00e4d ein zu einem frech-frivolen, fr\u00f6hlich beschwingten und stilvoll unterhaltsamen Abend am Samstag, 11. M\u00e4rz um 18 Uhr im Konzertsaal Larena, Siegesstra\u00dfe 110. Begleitet wird sie von ihren Musikern des Swing-Kabaretts, welche die goldenen 20er und 30er Jahre der deutschen Unterhaltungsmusik mit Gassenhauern, Filmschlagern und damaligen Tanzmusik im authentischen, nostalgischen Vintage-Stil wieder aufleben lassen.<\/p>\n<p>Von einst gro\u00dfen Diven \u00fcber die Berliner G\u00f6re bis zum Jazz \u201eSingezahn\u201c zeigt Annette Konrad alias &#8220;Die blonde Carmen&#8221; ihr breit gef\u00e4chertes K\u00f6nnen, humorvoll, selbstironisch, exzentrisch &#8211; kurz: divat\u00f6s!<\/p>\n<p>Der Eintritt ist frei, es wird allerdings um eine Ausgangsspende f\u00fcr die K\u00fcnstler gebeten.<\/p>\n<p><a href=\"https:\/\/larena-wuppertal.de\/?page_id=339\"><strong>Zur Online-Reservierung<\/strong><\/a><\/p>\n","protected":false},"excerpt":{"rendered":"<p>Die Blonde Carmen und ihr Swing Kabarett &#8220;Die blonde Carmen&#8221; l\u00e4d ein zu einem frech-frivolen, fr\u00f6hlich beschwingten und stilvoll unterhaltsamen Abend am Samstag, 11. M\u00e4rz um 18 Uhr im Konzertsaal&hellip; <a class=\"more-link\" href=\"https:\/\/larena-wuppertal.de\/?tribe_events=die-blonde-carmen-und-ihr-swing-kabarett-live-in-der-larena-eventlounge\"><span class=\"screen-reader-text\">Die Blonde Carmen und ihr Swing Kabarett \u2013 live in der lar\u00e9na Eventlounge<\/span> weiterlesen<\/a><\/p>\n","protected":false},"author":1,"featured_media":1372,"comment_status":"closed","ping_status":"closed","template":"","meta":{"_price":"","_stock":"","_tribe_ticket_header":"","_tribe_default_ticket_provider":"","_tribe_ticket_capacity":"0","_ticket_start_date":"","_ticket_end_date":"","_tribe_ticket_show_description":"","_tribe_ticket_show_not_going":false,"_tribe_ticket_use_global_stock":"","_tribe_ticket_global_stock_level":"","_global_stock_mode":"","_global_stock_cap":"","_tribe_rsvp_for_event":"","_tribe_ticket_going_count":"","_tribe_ticket_not_going_count":"","_tribe_tickets_list":[],"_tribe_ticket_has_attendee_info_fields":false,"_tribe_events_status":"","_tribe_events_status_reason":"","footnotes":"","_links_to":"","_links_to_target":""},"tags":[],"tribe_events_cat":[],"class_list":["post-1343","tribe_events","type-tribe_events","status-publish","has-post-thumbnail","hentry","entry"],"ticketed":false,"_links":{"self":[{"href":"https:\/\/larena-wuppertal.de\/index.php?rest_route=\/wp\/v2\/tribe_events\/1343"}],"collection":[{"href":"https:\/\/larena-wuppertal.de\/index.php?rest_route=\/wp\/v2\/tribe_events"}],"about":[{"href":"https:\/\/larena-wuppertal.de\/index.php?rest_route=\/wp\/v2\/types\/tribe_events"}],"author":[{"embeddable":true,"href":"https:\/\/larena-wuppertal.de\/index.php?rest_route=\/wp\/v2\/users\/1"}],"replies":[{"embeddable":true,"href":"https:\/\/larena-wuppertal.de\/index.php?rest_route=%2Fwp%2Fv2%2Fcomments&post=1343"}],"version-history":[{"count":5,"href":"https:\/\/larena-wuppertal.de\/index.php?rest_route=\/wp\/v2\/tribe_events\/1343\/revisions"}],"predecessor-version":[{"id":1394,"href":"https:\/\/larena-wuppertal.de\/index.php?rest_route=\/wp\/v2\/tribe_events\/1343\/revisions\/1394"}],"wp:featuredmedia":[{"embeddable":true,"href":"https:\/\/larena-wuppertal.de\/index.php?rest_route=\/wp\/v2\/media\/1372"}],"wp:attachment":[{"href":"https:\/\/larena-wuppertal.de\/index.php?rest_route=%2Fwp%2Fv2%2Fmedia&parent=1343"}],"wp:term":[{"taxonomy":"post_tag","embeddable":true,"href":"https:\/\/larena-wuppertal.de\/index.php?rest_route=%2Fwp%2Fv2%2Ftags&post=1343"},{"taxonomy":"tribe_events_cat","embeddable":true,"href":"https:\/\/larena-wuppertal.de\/index.php?rest_route=%2Fwp%2Fv2%2Ftribe_events_cat&post=1343"}],"curies":[{"name":"wp","href":"https:\/\/api.w.org\/{rel}","templated":true}]}}

Die Blonde Carmen und ihr Swing Kabarett – live in der laréna Eventlounge

<p>Die Blonde Carmen und ihr Swing Kabarett</p>
<p>&#8220;Die blonde Carmen&#8221; läd ein zu einem frech-frivolen, fröhlich beschwingten und stilvoll unterhaltsamen Abend am Samstag, 11. März um 18 Uhr im Konzertsaal Larena, Siegesstraße 110. Begleitet wird sie von ihren Musikern des Swing-Kabaretts, welche die goldenen 20er und 30er Jahre der deutschen Unterhaltungsmusik mit Gassenhauern, Filmschlagern und damaligen Tanzmusik im authentischen, nostalgischen Vintage-Stil wieder aufleben lassen.</p>
<p>Von einst großen Diven über die Berliner Göre bis zum Jazz „Singezahn“ zeigt Annette Konrad alias &#8220;Die blonde Carmen&#8221; ihr breit gefächertes Können, humorvoll, selbstironisch, exzentrisch &#8211; kurz: divatös!</p>
<p>Der Eintritt ist frei, es wird allerdings um eine Ausgangsspende für die Künstler gebeten.</p>
<p><a href="https://larena-wuppertal.de/?page_id=339"><strong>Zur Online-Reservierung</strong></a></p>

<p>Die Blonde Carmen und ihr Swing Kabarett &#8220;Die blonde Carmen&#8221; läd ein zu einem frech-frivolen, fröhlich beschwingten und stilvoll unterhaltsamen Abend am Samstag, 11. März um 18 Uhr im Konzertsaal&hellip; <a class="more-link" href="https://larena-wuppertal.de/?tribe_events=die-blonde-carmen-und-ihr-swing-kabarett-live-in-der-larena-eventlounge"><span class="screen-reader-text">Die Blonde Carmen und ihr Swing Kabarett – live in der laréna Eventlounge</span> weiterlesen</a></p>
